{"id":172,"date":"2025-05-08T04:29:13","date_gmt":"2025-05-08T02:29:13","guid":{"rendered":"https:\/\/www.wig-ev.de\/?page_id=172"},"modified":"2025-05-25T11:48:41","modified_gmt":"2025-05-25T09:48:41","slug":"satzung","status":"publish","type":"page","link":"https:\/\/www.wig-ev.de\/?page_id=172","title":{"rendered":"Satzung"},"content":{"rendered":"\t\t<div data-elementor-type=\"wp-page\" data-elementor-id=\"172\" class=\"elementor elementor-172\" data-elementor-post-type=\"page\">\n\t\t\t\t<div class=\"elementor-element elementor-element-50908f3 e-flex e-con-boxed e-con e-parent\" data-id=\"50908f3\" data-element_type=\"container\" data-e-type=\"container\">\n\t\t\t\t\t<div class=\"e-con-inner\">\n\t\t\t\t<div class=\"elementor-element elementor-element-760b077 elementor-widget elementor-widget-heading\" data-id=\"760b077\" data-element_type=\"widget\" data-e-type=\"widget\" data-widget_type=\"heading.default\">\n\t\t\t\t<div class=\"elementor-widget-container\">\n\t\t\t\t\t<h3 class=\"elementor-heading-title elementor-size-default\">SATZUNG<\/h3>\t\t\t\t<\/div>\n\t\t\t\t<\/div>\n\t\t\t\t<div class=\"elementor-element elementor-element-73f4001 elementor-widget elementor-widget-text-editor\" data-id=\"73f4001\" data-element_type=\"widget\" data-e-type=\"widget\" data-widget_type=\"text-editor.default\">\n\t\t\t\t<div class=\"elementor-widget-container\">\n\t\t\t\t\t\t\t\t\t<h1 class=\"mb-4\">\u00a0<\/h1><p>Die W\u00f6rrst\u00e4dter Interessengemeinschaft e.V. ist ein Verein, der die allgemeinen Belange der B\u00fcrgerInnen der Stadt W\u00f6rrstadt unterst\u00fctzt. Zu den Aufgaben geh\u00f6rt die St\u00e4rkung des b\u00fcrgerschaftlichen Engagements zugunsten gemeinn\u00fctziger Zwecke, des sozialen und kulturellen Zusammenhalts der Bev\u00f6lkerung, die F\u00f6rderung des Zugeh\u00f6rigkeitsgef\u00fchls der Mitb\u00fcrgerinnen und Mitb\u00fcrger zu ihrem Heimatort.<\/p><p>Weitere Aufgaben sind die Beschaffung von Sach- und Finanzmitteln zur F\u00f6rderung von Zwecken, die der Gemeinschaft dienen und deren Unterst\u00fctzung sowie die Erhaltung der Infrastruktur.<\/p><p>Grundlegend legt dabei die W\u00f6rrst\u00e4dter Interessengemeinschaft e.V. Wert:<\/p><ul><li>auf eine gute Zusammenarbeit mit kommunalen Vertretern und Einrichtungen.<\/li><li>auf eine gute Zusammenarbeit mit ortsans\u00e4ssigen Vereinen, Personen und Institutionen gleicher oder \u00e4hnlicher Zielsetzung.<\/li><li>auf aktive Einbindung von Mitb\u00fcrgerInnen und insbesondere Neub\u00fcrgerInnen in die Gestaltung der Vereinsarbeit.<\/li><li>auf einen respektvollen und toleranten Umgang als Grundlage f\u00fcr ein friedliches und erfolgreiches Miteinander.<\/li><\/ul><p>Der Verein ist <b>unpolitisch<\/b>, unkonfessionell und weltanschaulich, unabh\u00e4ngig und pluralistisch.<\/p><p>In diesem Sinne gibt sich der W\u00f6rrst\u00e4dter Interessengemeinschaft e.V. folgende Satzung:<\/p><h2 class=\"mt-5\">Satzung<\/h2><h3 class=\"mt-4\">\u00a71 Name, Sitz<\/h3><p>1.1 Der Verein f\u00fchrt den Namen: W\u00f6rrst\u00e4dter Interessengemeinschaft e.V.<\/p><p>1.2 Er hat seinen Sitz in 55286 W\u00f6rrstadt und ist unter der Registersache VR 42363 im Vereinsregister beim Amtsgericht Mainz eingetragen.<\/p><p>1.3 Vereinsjahr ist das Kalenderjahr.<\/p><h3 class=\"mt-4\">\u00a7 2 Zweck des Vereins<\/h3><p>2.1 Zweck und Ziel des Vereins ist es ausschlie\u00dflich und unmittelbar, das Leben in der d\u00f6rflichen Gemeinschaft selbstlos zu f\u00f6rdern, ideelle Werte zu erhalten und Traditionen zu pflegen:<\/p><ul><li><strong>a) die F\u00f6rderung der Kinder-, Jugend- und Seniorenarbeit in der Gemeinde<\/strong><p>Der Satzungszweck wird verwirklicht insbesondere durch:<\/p><ul><li>Schaffung oder Erhalt von Freizeit-, Bewegungs-, Bildungs-, Kultur- und Projektangeboten f\u00fcr unsere Kinder, Jugendliche und Seniorinnen\/Senioren in der Gemeinde W\u00f6rrstadt zur Verbesserung ihres sozialen Miteinanders und des Gemeinschaftsgef\u00fchls.<\/li><li>Beitr\u00e4ge zur Gestaltung von jugend-\/seniorenfreundlichen Lebensbedingungen.<\/li><\/ul><\/li><li><strong>b) die F\u00f6rderung von Kunst, Kultur und Brauchtum<\/strong><p>Der Satzungszweck wird verwirklicht insbesondere durch:<\/p><ul><li>eine Anlauf- und Kommunikationsstelle f\u00fcr regionale MusikerInnen und K\u00fcnstlerInnen, sowie eine Unterst\u00fctzung in gemeinschaftlicher \u00d6ffentlichkeitsarbeit.<\/li><li>Ausstellungen im \u00f6ffentlichen wie auch nicht-\u00f6ffentlichen Raum, zur F\u00f6rderung von Kunst und Kultur mit besonderem Schwerpunkt regionaler K\u00fcnstlerInnen und unseres k\u00fcnstlerischen Nachwuchses.<\/li><li>Durchf\u00fchrung von Kulturveranstaltungen.<\/li><li>F\u00f6rderung von Theater-Gruppen.<\/li><li>F\u00f6rderung des generations\u00fcbergreifenden Kunst- und Kulturaustausches.<\/li><\/ul><\/li><li><strong>c) F\u00f6rderung des b\u00fcrgerschaftlichen Engagements zugunsten gemeinn\u00fctziger Zwecke<\/strong><p>Der Satzungszweck wird verwirklicht insbesondere durch:<\/p><ul><li>Aufkl\u00e4rung \u00fcber M\u00f6glichkeiten und Rahmenbedingungen ehrenamtlicher T\u00e4tigkeiten durch Bildungsangebote und Erfahrungsaustausch.<\/li><li>Einbindung der B\u00fcrgerinnen und B\u00fcrger in ehrenamtliche Projekte zur F\u00f6rderung des Gemeinwohls und des Gemeinschaftsgef\u00fchls.<\/li><\/ul><\/li><\/ul><p>2.2 S\u00e4mtliche genannten Satzungszwecke werden verwirklicht insbesondere durch:<\/p><ul><li>die Beschaffung, Erhaltung und F\u00f6rderung von Einrichtungen, die der Gemeinschaft dienen.<\/li><li>die Beschaffung von Sach- und Finanzmitteln sowie T\u00e4tigkeiten zur F\u00f6rderung der genannten Zwecke, die der Gemeinschaft dienen.<\/li><li>dar\u00fcber hinaus erbringen die Vereinsmitglieder T\u00e4tigkeiten im Sinne des Gemeinwohls von W\u00f6rrstadt.<\/li><\/ul><p>2.3 Der Verein verfolgt ausschlie\u00dflich und unmittelbar gemeinn\u00fctzige Zwecke im Sinne des Abschnitts \u201eSteuerbeg\u00fcnstigte Zwecke\u201c der Abgabenordnung. Er ist selbstlos t\u00e4tig; er verfolgt nicht in erster Linie eigenwirtschaftliche Zwecke.<\/p><p>2.4 Die Mittel der K\u00f6rperschaft d\u00fcrfen nur f\u00fcr die satzungsm\u00e4\u00dfigen Zwecke verwendet werden. Die Mitglieder erhalten keine Zuwendungen aus Mitteln der K\u00f6rperschaft. Etwaige Auslagen von Mitgliedern werden jedoch erstattet.<\/p><p>Es darf keine Person durch Ausgaben, die dem Zweck des Vereins fremd sind oder durch verh\u00e4ltnism\u00e4\u00dfig hohe Verg\u00fctungen beg\u00fcnstigt werden.<\/p><p>2.5 Bei Aufl\u00f6sung der K\u00f6rperschaft oder bei Wegfall steuerbeg\u00fcnstigter Zwecke f\u00e4llt das Verm\u00f6gen der K\u00f6rperschaft an die Gemeinde W\u00f6rrstadt, die es unmittelbar und ausschlie\u00dflich f\u00fcr gemeinn\u00fctzige Zwecke des \u00a7 2 dieser Satzung zu verwenden hat.<\/p><h3 class=\"mt-4\">\u00a7 3 Mitgliedschaft<\/h3><p>3.1 Mitglied kann jede nat\u00fcrliche und juristische Person werden.<\/p><p>3.2 Der Aufnahmeantrag bedarf der schriftlichen Form.<\/p><p>3.3 \u00dcber den Aufnahmeantrag entscheidet der Vorstand. Gegen die Ablehnung des Aufnahmeantrags durch den Vorstand kann der Antragsteller die Mitgliederversammlung anrufen, diese entscheidet endg\u00fcltig.<\/p><p>3.4 Minderj\u00e4hrige m\u00fcssen die Zustimmung ihres gesetzlichen Vertreters nachweisen.<\/p><h3 class=\"mt-4\">\u00a7 4 Rechte und Pflichten der Mitglieder<\/h3><p>4.1 Die Mitglieder sind verpflichtet, die Bestrebungen und Interessen des Vereins nach Kr\u00e4ften zu unterst\u00fctzen, sowie Beschl\u00fcsse und Anordnungen des Vereins zu befolgen.<\/p><p>4.2 Die Mitglieder sind berechtigt, im Rahmen des Vereinszweckes die Einrichtungen des Vereins zu benutzen und an den Veranstaltungen teilzunehmen.<\/p><p>4.3 Alle Mitglieder haben in der Mitgliederversammlung gleiches Stimmrecht. Jugendliche sind erst mit Vollendung des 16. Lebensjahres stimmberechtigt.<\/p><p>4.4 Die Mitglieder sind zur Entrichtung von Mitgliedsbeitr\u00e4gen verpflichtet. Die H\u00f6he dieser Beitr\u00e4ge sowie deren F\u00e4lligkeit werden durch die Mitgliederversammlung bestimmt. Der bargeldlose Zahlungsverkehr ist anzustreben.<\/p><h3 class=\"mt-4\">\u00a7 5 Beendigung der Mitgliedschaft<\/h3><p>5.1 Die Mitgliedschaft endet durch:<\/p><ul><li>Tod<\/li><li>K\u00fcndigung<\/li><li>Ausschluss<\/li><\/ul><p>5.2 Die K\u00fcndigung kann nur zum Jahresende erfolgen und muss schriftlich bis zum 30. September dem Vorstand vorliegen, andernfalls wird die Mitgliedschaft automatisch um ein Jahr verl\u00e4ngert.<\/p><p>5.3 Durch den Beschluss des Vorstandes kann ein Mitglied aus dem Verein ausgeschlossen werden, wenn ein wichtiger Grund vorliegt. Ausschlussgr\u00fcnde sind insbesondere:<\/p><ul><li>grobe Verst\u00f6\u00dfe gegen die Satzung und die Interessen des Vereins, sowie gegen Beschl\u00fcsse und Anordnungen der Vereinsorgane.<\/li><li>unehrenhaftes Verhalten innerhalb und au\u00dferhalb des Vereins.<\/li><\/ul><p>5.4 \u00dcber den Ausschluss entscheidet der Vorstand. Vor der Entscheidung hat er dem Mitglied Gelegenheit zu geben, sich m\u00fcndlich oder schriftlich zu \u00e4u\u00dfern. Hierzu ist das Mitglied unter Einhaltung einer Mindestfrist von 10 Tagen schriftlich aufzufordern. Die Entscheidung \u00fcber den Ausschluss ist schriftlich zu begr\u00fcnden und dem Mitglied schriftlich mitzuteilen. Gegen die Entscheidung ist die Berufung an die Mitgliederversammlung zul\u00e4ssig. Sie muss schriftlich binnen drei Wochen ab Erhalt der Entscheidung eingelegt werden. Die Mitgliederversammlung entscheidet endg\u00fcltig.<\/p><p>5.5 Die Beendigung der Mitgliedschaft enthebt das bisherige Vereinsmitglied nicht von seinen vor dem Ausscheiden entstandenen Verpflichtungen gegen\u00fcber dem Verein, insbesondere nicht von der Entrichtung der bis zu diesem Zeitpunkt f\u00e4lligen Beitr\u00e4ge. Das ausgeschiedene Mitglied hat keinen Anspruch auf das Vereinsverm\u00f6gen.<\/p><h3 class=\"mt-4\">\u00a7 6 Vereinsorgane<\/h3><p>6.1 Die Organe des Vereins sind:<\/p><ul><li>der Vorstand<\/li><li>die Mitgliederversammlung<\/li><\/ul><h3 class=\"mt-4\">\u00a7 7 Der Vorstand<\/h3><p>7.1 Der Vorstand setzt sich zusammen aus:<\/p><ul><li>der\/dem 1. Vorsitzenden<\/li><li>der\/dem 2. Vorsitzenden<\/li><li>der Schatzmeisterin \/ dem Schatzmeister<\/li><li>der Schriftf\u00fchrerin \/ dem Schriftf\u00fchrer<\/li><li>sowie mindestens einer Beisitzerin \/ einem Beisitzer<\/li><li>der Vorstand wird erweitert durch:<ul><li>Pressesprecher\/in<\/li><li>mindestens einer Mitgliederbeauftragten \/ einem Mitgliedsbeauftragtem<\/li><\/ul><\/li><\/ul><p>7.2 Zwei Rechnungspr\u00fcferInnen werden gew\u00e4hlt, diese d\u00fcrfen nicht dem Vorstand angeh\u00f6ren. Sie haben mindestens einmal im Jahr die Kasse zu pr\u00fcfen.<\/p><p>7.3 Der Verein wird gerichtlich und au\u00dfergerichtlich vertreten durch: die\/den 1. Vorsitzende(n) und die\/den 2. Vorsitzende(n). Jeder ist allein vertretungsberechtigt.<\/p><p>7.4 Der Vorstand f\u00fchrt die Gesch\u00e4fte des Vereins nach Ma\u00dfgabe der Satzung und der Beschl\u00fcsse der Mitgliederversammlung. \u00dcber seine T\u00e4tigkeit hat der Vorstand der Mitgliederversammlung zu berichten. Dem Vorstand ist gestattet, sich eine Gesch\u00e4ftsordnung zu geben, in der die Aufgaben der einzelnen Vorstandsmitglieder geregelt werden. Der Vorstand haftet nur bei Vorsatz und grober Fahrl\u00e4ssigkeit. Dem Vorstand obliegt die Gesch\u00e4ftsleitung, die Ausf\u00fchrung von Beschl\u00fcssen und die Verwaltung des Vereinsverm\u00f6gens. Der Vorstand wird durch die\/den 1. Vorsitzende(n) oder bei dessen Verhinderung durch die\/den 2. Vorsitzende(n) unter Mitteilung der Tagesordnung einberufen. Form und Frist der Einberufung bestimmt der Vorstand. Der Vorstand trifft alle erforderlichen Ma\u00dfnahmen und Entscheidungen mit einfacher Stimmenmehrheit, soweit die Satzung nichts anderes bestimmt. Er ist beschlussf\u00e4hig, wenn mehr als die H\u00e4lfte der Vorstandsmitglieder anwesend ist.<\/p><p>7.5 Der Vorstand und die Rechnungspr\u00fcfer werden von der Mitgliederversammlung f\u00fcr die Dauer von 2 Jahren gew\u00e4hlt. Die Mitgliederversammlung bestimmt vor der Wahl der BeisitzerInnen deren Anzahl. Nach Ablauf der Wahlperiode bleibt der Vorstand bis zur Neuwahl im Amt. Vorstandsmitglieder k\u00f6nnen auch vor Ende der Wahlzeit ausscheiden oder aus wichtigem Grund von der Mitgliederversammlung mit Zweidrittelmehrheit abberufen werden. Bei einem vorzeitigen Ausscheiden aus dem Amt kann eine Position durch Beschluss des Vorstandes durch ein anderes Vorstandsmitglied bis zur n\u00e4chsten Mitgliederversammlung kommissarisch bekleidet werden. Bei Ausscheiden eines Vorstandsmitgliedes ist der Vorstand berechtigt, ein neues Vorstandsmitglied bis zur n\u00e4chsten Wahl kommissarisch zu berufen.<\/p><p>7.6 Gew\u00e4hlt werden k\u00f6nnen alle Mitglieder, die das 18. Lebensjahr vollendet haben.<\/p><h3 class=\"mt-4\">\u00a7 8 Die Mitgliederversammlung<\/h3><p>8.1 Die Mitgliederversammlung beschlie\u00dft \u00fcber:<\/p><ul><li>Satzungs\u00e4nderungen<\/li><li>Festsetzung der Mitgliedsbeitr\u00e4ge<\/li><li>Entlastung und Neuwahl des Vorstandes<\/li><li>Antr\u00e4ge des Vorstandes und der Mitglieder<\/li><li>Aufl\u00f6sung des Vereins<\/li><\/ul><p>8.2 Die ordentliche Mitgliederversammlung findet einmal im Jahr statt. Die Einberufung erfolgt in textlicher Form per E-Mail oder auf dem Postweg, unter Einhaltung einer Frist von 2 Wochen, Bekanntgabe des Versammlungsortes, des Zeitpunktes und der Tagesordnung. In dringenden F\u00e4llen kann mit verk\u00fcrzter Frist von vier Tagen eingeladen werden. Hierf\u00fcr ist die nachtr\u00e4gliche Genehmigung der Mitgliederversammlung einzuholen.<\/p><p>8.3 Die Mitgliederversammlung nimmt den Gesch\u00e4fts- und Kassenbericht entgegen, erteilt die Entlastung und w\u00e4hlt den Vorstand.<\/p><p>8.4 Die Mitgliederversammlung wird von der\/vom 1. Vorsitzenden, bei deren\/dessen Verhinderung von der\/vom 2. Vorsitzenden geleitet.<\/p><p>8.5 Die Mitgliederversammlung beschlie\u00dft mit der einfachen Stimmenmehrheit ohne R\u00fccksicht auf die Zahl der anwesenden Mitglieder.<\/p><p>8.6 Bei Beschl\u00fcssen \u00fcber die \u00c4nderung der Satzung ist eine 2\/3-Mehrheit der anwesenden Mitglieder erforderlich.<\/p><p>8.7 F\u00fcr einen Beschluss zur Aufl\u00f6sung des Vereins ist eine 50%ige Anwesenheit der Mitglieder mit einer 3\/4-Mehrheit der abgegebenen Stimmen der anwesenden Mitglieder erforderlich. Sollte diese 50% nicht erreicht werden, ist unter Wahrung von Form und Fristvorschriften eine erneute Mitgliederversammlung einzuberufen. Diese ist unabh\u00e4ngig von der Anzahl der anwesenden Mitglieder beschlussf\u00e4hig.<\/p><p>8.8 \u00dcber die Verhandlungen und Beschl\u00fcsse der Mitgliederversammlung ist ein Protokoll zu f\u00fchren, dieses ist vom Versammlungsleiter und dem Schriftf\u00fchrer zu unterzeichnen.<\/p><p>8.9 Die Abstimmungen erfolgen offen. Geheime Abstimmungen erfolgen nur, wenn dies eines der anwesenden Mitglieder verlangt.<\/p><h3 class=\"mt-4\">\u00a7 9 Antr\u00e4ge zur Mitgliederversammlung<\/h3><p>9.1 Antr\u00e4ge zur Mitgliederversammlung aus den Reihen der Mitglieder sind mindestens eine Woche vor dem Zusammentritt der Mitgliederversammlung beim Vorstand schriftlich einzureichen.<\/p><p>9.2 \u00dcber Antr\u00e4ge auf Satzungs\u00e4nderung kann nur entschieden werden, wenn diese in der Einladung als Tagesordnungspunkt mitgeteilt worden sind.<\/p><h3 class=\"mt-4\">\u00a7 10 Au\u00dferordentliche Mitgliederversammlung<\/h3><p>10.1 Auf Verlangen von mindestens 1\/3 aller Mitglieder hat der Vorstand unter Angabe der vorgeschlagenen Tagesordnung eine au\u00dferordentliche Mitgliederversammlung einzuberufen.<\/p><p>10.2 Im \u00dcbrigen gelten die Vorschriften \u00fcber die ordentliche Mitgliederversammlung.<\/p><h3 class=\"mt-4\">\u00a7 11 Online-Mitgliederversammlung<\/h3><p>11.1 Abweichend von \u00a7 32 Absatz 1 Satz 1 des B\u00fcrgerlichen Gesetzbuchs (BGB) kann der Vorstand nach seinem Ermessen beschlie\u00dfen und in der Einladung mitteilen, dass die Mitglieder an der Mitgliederversammlung ganz oder teilweise ohne k\u00f6rperliche Anwesenheit an einem Versammlungsort teilnehmen und ihre Mitgliederrechte im Wege der elektronischen Kommunikation aus\u00fcben k\u00f6nnen (zum Beispiel per E-Mail, Online-Formular) oder aber ihre Stimme im Vorhinein ohne Anwesenheit bzw. Teilnahme an der Online-Mitgliederversammlung schriftlich abgeben k\u00f6nnen.<\/p><p>11.2 Der Vorstand regelt in der Wahlordnung geeignete technische und organisatorische Ma\u00dfnahmen f\u00fcr die Durchf\u00fchrung einer Online\/Hybrid-Mitgliederversammlung, die insbesondere sicherstellen sollen, dass nur Vereinsmitglieder an der Mitgliederversammlung teilnehmen und ihre Rechte wahrnehmen. In der Wahlordnung ist auch die Durchf\u00fchrung des elektronischen Wahlverfahrens zu verschriftlichen sowie die Stimmabgabe im Vorhinein, wenn Mitglieder nicht an der Online-Mitgliederversammlung teilnehmen m\u00f6chten.<\/p><p>11.3 Die Wahlordnung ist nicht Bestandteil der Satzung. F\u00fcr Erlass, \u00c4nderung und Aufhebung der Wahlordnung ist der Vorstand zust\u00e4ndig, der hier\u00fcber mit einfacher Mehrheit beschlie\u00dft. Die jeweils aktuelle Fassung der Wahlordnung ist den Vereinsmitgliedern vor der Durchf\u00fchrung einer Online\/Hybrid-Mitgliederversammlung zur Kenntnis zu geben, damit sie verbindlich wird.<\/p><p>11.4 Sind weder eine Pr\u00e4senz- noch eine Online-Versammlung m\u00f6glich, k\u00f6nnen Beschl\u00fcsse, abweichend von \u00a7 32 Abs. 2 BGB, auch im Umlaufverfahren schriftlich gefasst werden. Ein g\u00fcltiger Beschluss ist nicht abh\u00e4ngig von einer Mindestzahl abgegebener Stimmen.<\/p><p>11.5 Die Bestimmungen dieses Paragrafen gelten f\u00fcr Vorstandssitzungen und Vorstandsbeschl\u00fcsse entsprechend.<\/p><h3 class=\"mt-4\">\u00a7 12 Inkrafttreten der Satzung<\/h3><p>Die vorstehende Satzung wurde in der Gr\u00fcnderversammlung vom 24.01.2024 errichtet.<\/p><p>(Es folgen die deutlichen Unterschriften der dem Verein in der Gr\u00fcnderversammlung beigetretenen Personen, mindestens sind sieben Unterschriften erforderlich.)<\/p>\t\t\t\t\t\t\t\t<\/div>\n\t\t\t\t<\/div>\n\t\t\t\t\t<\/div>\n\t\t\t\t<\/div>\n\t\t\t\t<\/div>\n\t\t","protected":false},"excerpt":{"rendered":"<p>SATZUNG \u00a0 Die W\u00f6rrst\u00e4dter Interessengemeinschaft e.V. ist ein Verein, der die allgemeinen Belange der B\u00fcrgerInnen der Stadt W\u00f6rrstadt unterst\u00fctzt. Zu den Aufgaben geh\u00f6rt die St\u00e4rkung des b\u00fcrgerschaftlichen Engagements zugunsten gemeinn\u00fctziger [&hellip;]<\/p>\n","protected":false},"author":1,"featured_media":0,"parent":0,"menu_order":0,"comment_status":"closed","ping_status":"closed","template":"","meta":{"footnotes":""},"class_list":["post-172","page","type-page","status-publish","hentry"],"yoast_head":"<!-- This site is optimized with the Yoast SEO plugin v26.1.1 - https:\/\/yoast.com\/wordpress\/plugins\/seo\/ -->\n<title>Satzung - W\u00d6RRST\u00c4DTER INTERESSENGEMEINSCHAFT EV<\/title>\n<meta name=\"robots\" content=\"index, follow, max-snippet:-1, max-image-preview:large, max-video-preview:-1\" \/>\n<link rel=\"canonical\" href=\"https:\/\/www.wig-ev.de\/?page_id=172\" \/>\n<meta property=\"og:locale\" content=\"de_DE\" \/>\n<meta property=\"og:type\" content=\"article\" \/>\n<meta property=\"og:title\" content=\"Satzung - W\u00d6RRST\u00c4DTER INTERESSENGEMEINSCHAFT EV\" \/>\n<meta property=\"og:description\" content=\"SATZUNG \u00a0 Die W\u00f6rrst\u00e4dter Interessengemeinschaft e.V. ist ein Verein, der die allgemeinen Belange der B\u00fcrgerInnen der Stadt W\u00f6rrstadt unterst\u00fctzt. Zu den Aufgaben geh\u00f6rt die St\u00e4rkung des b\u00fcrgerschaftlichen Engagements zugunsten gemeinn\u00fctziger [&hellip;]\" \/>\n<meta property=\"og:url\" content=\"https:\/\/www.wig-ev.de\/?page_id=172\" \/>\n<meta property=\"og:site_name\" content=\"W\u00d6RRST\u00c4DTER INTERESSENGEMEINSCHAFT EV\" \/>\n<meta property=\"article:publisher\" content=\"https:\/\/www.facebook.com\/profile.php?id=61557119310772\" \/>\n<meta property=\"article:modified_time\" content=\"2025-05-25T09:48:41+00:00\" \/>\n<meta property=\"og:image\" content=\"https:\/\/www.wig-ev.de\/wp-content\/uploads\/2025\/05\/header_logo.webp\" \/>\n\t<meta property=\"og:image:width\" content=\"185\" \/>\n\t<meta property=\"og:image:height\" content=\"150\" \/>\n\t<meta property=\"og:image:type\" content=\"image\/webp\" \/>\n<meta name=\"twitter:card\" content=\"summary_large_image\" \/>\n<meta name=\"twitter:label1\" content=\"Gesch\u00e4tzte Lesezeit\" \/>\n\t<meta name=\"twitter:data1\" content=\"11\u00a0Minuten\" \/>\n<script type=\"application\/ld+json\" class=\"yoast-schema-graph\">{\"@context\":\"https:\/\/schema.org\",\"@graph\":[{\"@type\":\"WebPage\",\"@id\":\"https:\/\/www.wig-ev.de\/?page_id=172\",\"url\":\"https:\/\/www.wig-ev.de\/?page_id=172\",\"name\":\"Satzung - W\u00d6RRST\u00c4DTER INTERESSENGEMEINSCHAFT EV\",\"isPartOf\":{\"@id\":\"https:\/\/www.wig-ev.de\/#website\"},\"datePublished\":\"2025-05-08T02:29:13+00:00\",\"dateModified\":\"2025-05-25T09:48:41+00:00\",\"breadcrumb\":{\"@id\":\"https:\/\/www.wig-ev.de\/?page_id=172#breadcrumb\"},\"inLanguage\":\"de\",\"potentialAction\":[{\"@type\":\"ReadAction\",\"target\":[\"https:\/\/www.wig-ev.de\/?page_id=172\"]}]},{\"@type\":\"BreadcrumbList\",\"@id\":\"https:\/\/www.wig-ev.de\/?page_id=172#breadcrumb\",\"itemListElement\":[{\"@type\":\"ListItem\",\"position\":1,\"name\":\"Startseite\",\"item\":\"https:\/\/www.wig-ev.de\/\"},{\"@type\":\"ListItem\",\"position\":2,\"name\":\"Satzung\"}]},{\"@type\":\"WebSite\",\"@id\":\"https:\/\/www.wig-ev.de\/#website\",\"url\":\"https:\/\/www.wig-ev.de\/\",\"name\":\"W\u00d6RRST\u00c4DTER INTERESSENGEMEINSCHAFT EV\",\"description\":\"Willkommen bei der W\u00f6rrst\u00e4dter Interessengemeinschaft\",\"publisher\":{\"@id\":\"https:\/\/www.wig-ev.de\/#organization\"},\"potentialAction\":[{\"@type\":\"SearchAction\",\"target\":{\"@type\":\"EntryPoint\",\"urlTemplate\":\"https:\/\/www.wig-ev.de\/?s={search_term_string}\"},\"query-input\":{\"@type\":\"PropertyValueSpecification\",\"valueRequired\":true,\"valueName\":\"search_term_string\"}}],\"inLanguage\":\"de\"},{\"@type\":\"Organization\",\"@id\":\"https:\/\/www.wig-ev.de\/#organization\",\"name\":\"W\u00d6RRST\u00c4DTER INTERESSENGEMEINSCHAFT EV\",\"url\":\"https:\/\/www.wig-ev.de\/\",\"logo\":{\"@type\":\"ImageObject\",\"inLanguage\":\"de\",\"@id\":\"https:\/\/www.wig-ev.de\/#\/schema\/logo\/image\/\",\"url\":\"https:\/\/www.wig-ev.de\/wp-content\/uploads\/2025\/05\/WIGeV-Logo-Briefkopf-Links.webp\",\"contentUrl\":\"https:\/\/www.wig-ev.de\/wp-content\/uploads\/2025\/05\/WIGeV-Logo-Briefkopf-Links.webp\",\"width\":486,\"height\":154,\"caption\":\"W\u00d6RRST\u00c4DTER INTERESSENGEMEINSCHAFT EV\"},\"image\":{\"@id\":\"https:\/\/www.wig-ev.de\/#\/schema\/logo\/image\/\"},\"sameAs\":[\"https:\/\/www.facebook.com\/profile.php?id=61557119310772\"]}]}<\/script>\n<!-- \/ Yoast SEO plugin. -->","yoast_head_json":{"title":"Satzung - W\u00d6RRST\u00c4DTER INTERESSENGEMEINSCHAFT EV","robots":{"index":"index","follow":"follow","max-snippet":"max-snippet:-1","max-image-preview":"max-image-preview:large","max-video-preview":"max-video-preview:-1"},"canonical":"https:\/\/www.wig-ev.de\/?page_id=172","og_locale":"de_DE","og_type":"article","og_title":"Satzung - W\u00d6RRST\u00c4DTER INTERESSENGEMEINSCHAFT EV","og_description":"SATZUNG \u00a0 Die W\u00f6rrst\u00e4dter Interessengemeinschaft e.V. ist ein Verein, der die allgemeinen Belange der B\u00fcrgerInnen der Stadt W\u00f6rrstadt unterst\u00fctzt. Zu den Aufgaben geh\u00f6rt die St\u00e4rkung des b\u00fcrgerschaftlichen Engagements zugunsten gemeinn\u00fctziger [&hellip;]","og_url":"https:\/\/www.wig-ev.de\/?page_id=172","og_site_name":"W\u00d6RRST\u00c4DTER INTERESSENGEMEINSCHAFT EV","article_publisher":"https:\/\/www.facebook.com\/profile.php?id=61557119310772","article_modified_time":"2025-05-25T09:48:41+00:00","og_image":[{"width":185,"height":150,"url":"https:\/\/www.wig-ev.de\/wp-content\/uploads\/2025\/05\/header_logo.webp","type":"image\/webp"}],"twitter_card":"summary_large_image","twitter_misc":{"Gesch\u00e4tzte Lesezeit":"11\u00a0Minuten"},"schema":{"@context":"https:\/\/schema.org","@graph":[{"@type":"WebPage","@id":"https:\/\/www.wig-ev.de\/?page_id=172","url":"https:\/\/www.wig-ev.de\/?page_id=172","name":"Satzung - W\u00d6RRST\u00c4DTER INTERESSENGEMEINSCHAFT EV","isPartOf":{"@id":"https:\/\/www.wig-ev.de\/#website"},"datePublished":"2025-05-08T02:29:13+00:00","dateModified":"2025-05-25T09:48:41+00:00","breadcrumb":{"@id":"https:\/\/www.wig-ev.de\/?page_id=172#breadcrumb"},"inLanguage":"de","potentialAction":[{"@type":"ReadAction","target":["https:\/\/www.wig-ev.de\/?page_id=172"]}]},{"@type":"BreadcrumbList","@id":"https:\/\/www.wig-ev.de\/?page_id=172#breadcrumb","itemListElement":[{"@type":"ListItem","position":1,"name":"Startseite","item":"https:\/\/www.wig-ev.de\/"},{"@type":"ListItem","position":2,"name":"Satzung"}]},{"@type":"WebSite","@id":"https:\/\/www.wig-ev.de\/#website","url":"https:\/\/www.wig-ev.de\/","name":"W\u00d6RRST\u00c4DTER INTERESSENGEMEINSCHAFT EV","description":"Willkommen bei der W\u00f6rrst\u00e4dter Interessengemeinschaft","publisher":{"@id":"https:\/\/www.wig-ev.de\/#organization"},"potentialAction":[{"@type":"SearchAction","target":{"@type":"EntryPoint","urlTemplate":"https:\/\/www.wig-ev.de\/?s={search_term_string}"},"query-input":{"@type":"PropertyValueSpecification","valueRequired":true,"valueName":"search_term_string"}}],"inLanguage":"de"},{"@type":"Organization","@id":"https:\/\/www.wig-ev.de\/#organization","name":"W\u00d6RRST\u00c4DTER INTERESSENGEMEINSCHAFT EV","url":"https:\/\/www.wig-ev.de\/","logo":{"@type":"ImageObject","inLanguage":"de","@id":"https:\/\/www.wig-ev.de\/#\/schema\/logo\/image\/","url":"https:\/\/www.wig-ev.de\/wp-content\/uploads\/2025\/05\/WIGeV-Logo-Briefkopf-Links.webp","contentUrl":"https:\/\/www.wig-ev.de\/wp-content\/uploads\/2025\/05\/WIGeV-Logo-Briefkopf-Links.webp","width":486,"height":154,"caption":"W\u00d6RRST\u00c4DTER INTERESSENGEMEINSCHAFT EV"},"image":{"@id":"https:\/\/www.wig-ev.de\/#\/schema\/logo\/image\/"},"sameAs":["https:\/\/www.facebook.com\/profile.php?id=61557119310772"]}]}},"_links":{"self":[{"href":"https:\/\/www.wig-ev.de\/index.php?rest_route=\/wp\/v2\/pages\/172","targetHints":{"allow":["GET"]}}],"collection":[{"href":"https:\/\/www.wig-ev.de\/index.php?rest_route=\/wp\/v2\/pages"}],"about":[{"href":"https:\/\/www.wig-ev.de\/index.php?rest_route=\/wp\/v2\/types\/page"}],"author":[{"embeddable":true,"href":"https:\/\/www.wig-ev.de\/index.php?rest_route=\/wp\/v2\/users\/1"}],"replies":[{"embeddable":true,"href":"https:\/\/www.wig-ev.de\/index.php?rest_route=%2Fwp%2Fv2%2Fcomments&post=172"}],"version-history":[{"count":15,"href":"https:\/\/www.wig-ev.de\/index.php?rest_route=\/wp\/v2\/pages\/172\/revisions"}],"predecessor-version":[{"id":206,"href":"https:\/\/www.wig-ev.de\/index.php?rest_route=\/wp\/v2\/pages\/172\/revisions\/206"}],"wp:attachment":[{"href":"https:\/\/www.wig-ev.de\/index.php?rest_route=%2Fwp%2Fv2%2Fmedia&parent=172"}],"curies":[{"name":"wp","href":"https:\/\/api.w.org\/{rel}","templated":true}]}}